= -4 - -9. Suppose 4*u + 20 = k*u. List the prime factors of u.
2, 5
Let o = -1 - -7. What are the prime factors of o?
2, 3
Let v be (36/10)/((-9)/(-30)). Let f be 2/v + 14/(-12). Let r(l) = -8*l**3 + 2*l + 1. What are the prime factors of r(f)?
7
Let r = -16 - -19. Let m = 20 - r. List the prime factors of m.
17
Let m = 38 + -5. What are the prime factors of m?
3, 11
Let l(q) = 2*q**2 - 3*q - 3. What are the prime factors of l(6)?
3, 17
Let q = 1 + 2. Suppose -27 = -5*h + 3*d, 2 = -2*h - 4*d + 2*d. Suppose 3*t + 0*t - 4*k - 6 = 0, -h*t - q*k = -27. List the prime factors of t.
2, 3
Let f be 16 - (-2 - -1)*3. Let l = f + -10. List the prime factors of l.
3
Let q = 2 + 2. Let s = 10 + q. List the prime factors of s.
2, 7
Let q be 0/(-3) + (-2)/(-2). Let j be (q + 1 + -1)*0. Let k(x) = x**2 - x + 12. What are the prime factors of k(j)?
2, 3
Let b(d) = d + 2. Let p be b(-7). Let u be (8/(-10))/1*p. List the prime factors of (u - 2)*(3 - 1).
2
Suppose -5*j - 2 = 4*h, h + 5*j - 22 = 5*h. List the prime factors of 17 - (3/(-3) - h).
3, 5
Suppose 2*a + 5 = -5. Let r = -3 - a. List the prime factors of (0 - -2)/r*7.
7
Let g(n) = -n + 3. Suppose q + 2*c = -8, -4*q - 22 = 2*c + c. Let u be g(q). Suppose -40 = -3*b - u. List the prime factors of b.
11
Suppose 4*p + 455 = 5*s, 2*s + 5*p - 215 = -0*s. What are the prime factors of s?
5, 19
Let b(p) = -p**3 - 2*p**2 + 2*p - 1. Let f be b(-3). Let t(m) = -9*m**2 + m**2 - f*m**3 + 3*m**3 + 8*m + 1. What are the prime factors of t(7)?
2
Let z(l) = -3*l + 65. List the prime factors of z(0).
5, 13
Suppose -5*u + 266 = -l - 2*l, -256 = -5*u - 2*l. List the prime factors of u.
2, 13
Suppose -5*d = x - 2, 2*x + 5*d - 8 - 6 = 0. List the prime factors of x.
2, 3
Suppose 2*i + 11 = 59. Let w = i + 4. What are the prime factors of w?
2, 7
Let g(b) = -2*b + 3. List the prime factors of g(-4).
11
Let l(a) = 3*a**2 - 3*a - 55. List the prime factors of l(-6).
71
Suppose -3*n + 8 + 7 = 0. Let t(v) = 9*v - 8. List the prime factors of t(n).
37
What are the prime factors of (22 - (0 - -2)) + -1?
19
Suppose -3*k + 4*k = 0. Suppose -4 = -w, -2*s + s + 3*w - 8 = k. List the prime factors of (-87)/(-27) - s/18.
3
Let i = 470 - 250. What are the prime factors of i?
2, 5, 11
Suppose -3*c - 5*j + 164 = -55, 4*j = -2*c + 146. What are the prime factors of c?
73
Suppose -2*s + c + 46 = 6*c, s - 2*c - 23 = 0. What are the prime factors of s?
23
Suppose 2*h - 37 = h. Let j = -25 + h. What are the prime factors of j?
2, 3
Let z(q) = q - 5. Let u be z(7). What are the prime factors of -1*2/(u/(-7))?
7
Let w be 34/187 - 218/(-11). Suppose -a - w = -5*o + 15, 4*o - 44 = 4*a. What are the prime factors of o?
2, 3
Suppose 2 = 3*v + 11. Let u(f) = 3*f**2 - 3*f - 2. List the prime factors of u(v).
2, 17
Let l = -8 + 13. Suppose -5*o = -2*o + 5*v - 26, -l*v = 5*o - 30. What are the prime factors of (-2)/(-6)*54/o?
3
Suppose 0*t = 5*t. Suppose 0 = -t*a - 4*a. Let n(y) = -y**3 - y**2 + 14. What are the prime factors of n(a)?
2, 7
Suppose -5*k - 4*o + 13 = 0, -5*o + 0*o + 7 = -3*k. What are the prime factors of 25/(-2 - -3) + k?
2, 13
Suppose 0 = 3*b - 2*i - 429 - 806, 3*i - 2033 = -5*b. List the prime factors of b.
409
Let y = -8 - -23. Suppose -2*c - c + y = 0. Suppose 5*b - c*s - 85 = 0, s - 2*s + 51 = 3*b. List the prime factors of b.
17
Let g(f) = -f - 6. Let b be g(-6). Suppose b = -2*a + 5*a. Suppose -5*p = -a*p - 60. What are the prime factors of p?
2, 3
Let n = -34 + 65. List the prime factors of n.
31
Let d(s) be the second derivative of 7*s**4/4 - s**3/6 - 5*s. What are the prime factors of d(-1)?
2, 11
Let n be 194/6 - (-4)/(-12). Suppose -5*f = -n + 2. Suppose -3*d = -2*d - f. What are the prime factors of d?
2, 3
Suppose -5*b = -83 - 332. List the prime factors of b.
83
What are the prime factors of -2 - ((-1372)/44 + (-6)/(-33))?
29
Let b = 233 + -149. What are the prime factors of b?
2, 3, 7
Suppose -4*u = -91 - 97. What are the prime factors of u?
47
Suppose 13 + 36 = j. List the prime factors of j.
7
Let z(p) = 8*p - 1. Let q be z(-1). Let d be (3/q)/(1/(-3)). What are the prime factors of (-2 + d)*-1 - -21?
2, 11
Let a(g) = 13*g**2 - g. Let s(p) = p**2 - 4*p - 1. Let y be s(4). What are the prime factors of a(y)?
2, 7
Let i(a) = a**2 - 4*a - 4. Let w be i(6). Let t be (-2)/8 - (-177)/4. Suppose -w*h = -4*h - t. What are the prime factors of h?
11
What are the prime factors of -1*(115 + -2)*-1?
113
Let h be -1*1 - 12/(-2). Let q = -7 + 9. Suppose h*z = q*b - 7, 2 - 13 = -2*b + z. List the prime factors of b.
2, 3
Let d = 6 - 3. Let m = d + -1. Suppose m*b = b + 3. What are the prime factors of b?
3
Suppose 20 = 5*t - 0, 5*f - 4*t = 184. What are the prime factors of f?
2, 5
Let u = -62 - -68. List the prime factors of u.
2, 3
Let q be (-8)/20 + 14/10. Let m = 1 + q. Suppose -m = w + 3*u, 0*u - 4*u = 5*w - 34. What are the prime factors of w?
2, 5
Let l be (-3)/((-2)/22 - 0). Suppose -4*t + l = -67. What are the prime factors of t?
5
Let c be 76/8 - 2/4. Suppose 2*y = 3*y - c. What are the prime factors of y?
3
Let q be (-24)/(-6) - (-1 + 3). Suppose q*o + k + 6 = -4*k, -o - 3*k = 5. What are the prime factors of o?
7
Let u(c) be the second derivative of c**6/360 - c**5/60 - c**4/8 - c**3/3 - c. Let m(v) be the second derivative of u(v). List the prime factors of m(4).
5
Suppose 0 = -4*n + 2*d - 44, -d = 3*n + 5 + 23. List the prime factors of 2/10 - 98/n.
2, 5
Let f be 2256/42 - (-2)/7. Let w = 102 - f. Suppose 0 = -0*i - 2*i + 2*m + w, i = -5*m - 6. What are the prime factors of i?
19
Suppose -2*j = j - 42. Let o be 0/(1 + 0 + 0). Suppose j = -o*z + z. What are the prime factors of z?
2, 7
Let t = 22 + -4. Suppose -4*d = -3*d - 2*q - 11, 44 = 4*d + 5*q. Let i = t - d. What are the prime factors of i?
7
Let p = 147 - 85. What are the prime factors of p?
2, 31
Suppose 488 = 8*n - 352. List the prime factors of n.
3, 5, 7
Let p(k) = -2*k**3 + 3*k**2 + k - 1. Let x(h) = h**3 - 4*h**2. Let t(m) = -2*p(m) - 3*x(m). What are the prime factors of t(-3)?
5, 7
Let q(o) = o**2 + o + 2. Let r(i) = -i**2 - i - 3. Let n(c) = 3*q(c) + 2*r(c). Let b be n(-2). Suppose 45 = b*a + a. What are the prime factors of a?
3, 5
Let p(r) = -4*r**3 + 3*r**2 - 2. Let u be p(-2). Suppose v = -4*y + u, 2*v - 5*y - 11 = 47. What are the prime factors of v?
2, 17
Let w(j) = j**2 - 12. Let v be w(-5). Suppose 5*q - 37 = -12. Suppose -22 = -q*l + v. List the prime factors of l.
7
Let q = -6 - -9. Suppose q*d + 6 = -6. Let k = 12 + d. What are the prime factors of k?
2
Suppose -3375 = -21*l - 1233. What are the prime factors of l?
2, 3, 17
Suppose -2*f + f = 0. Suppose f = -2*a - 0*a. Suppose a*s + s = 15. List the prime factors of s.
3, 5
Let i(j) = -j**3 - 2*j**2 - 4*j - 17. List the prime factors of i(-5).
2, 3, 13
List the prime factors of 262/6 + 2/(-3).
43
Let n(m) = -11*m. Let a be n(2). Suppose -4*y - 62 = 70. Let p = a - y. List the prime factors of p.
11
Suppose -3*a - 8 = -4*p, 0*a - 3*p + 27 = 3*a. List the prime factors of (-6 - -2)/(a/(-14)).
2, 7
Let p = -131 - -303. List the prime factors of p.
2, 43
Suppose -y - 134 = -3*y. What are the prime factors of y?
67
Let z be (4 + -3)*(0 - -5). What are the prime factors of 64/3 + z/(-15)?
3, 7
Let p(q) = -2*q**2 + 9*q. List the prime factors of p(4).
2
Let z = 184 - 98. List the prime factors of z.
2, 43
Suppose 0 = -3*u - k + 218, -5*u = -3*u - 5*k - 151. Let b = u + -35. List the prime factors of b.
2, 19
Suppose 0 = 3*r - 4*q - 306, 0*q = r - 2*q - 100. What are the prime factors of r?
2, 53
Let t(x) = -4*x - 36. What are the prime factors of t(-29)?
2, 5
Suppose -3*r + 0*s + 65 = -s, -4*s + 40 = 3*r. List the prime factors of r.
2, 5
Let y(u) = -u - 2. Let p be y(-6). Suppose 0*i + p = 4*i. Let j = 4 + i. List the prime factors of j.
5
List the prime factors of 4/14 - (-3748)/14.
2, 67
Suppose 0 = 2*u + 4*f + 377 - 1011, 0 = 4*f + 16. What are the prime factors of u?
5, 13
Let g be 4/10 - (-2592)/45. Suppose g - 10 = 4*h. What are the prime factors of h?
2, 3
Let p(v) be the first derivative of 1/4*v**4 - v**3 + 5*v + 3 - 3/2*v**2. What are the prime factors of p(4)?
3
Let r(d) = -d**3 + 7*d**2 + 5*d + 6. Let n be r(7). Let p = 61 - n. What are the prime factors of p?
2, 5
Suppose 26 - 212 = -3